 4?
4
Suppose 2*h - 5*h = -9. Suppose -y - 42 = -h*y. What is the highest common divisor of 21 and y?
21
Let y be (-6)/5 + 1/5. Let s = -1 + y. Let l be 9/((-27)/(-60)) + s. Calculate the highest common factor of 27 and l.
9
Let f be ((-26)/(-8))/((-10)/(-40)). Let a(r) = -3 - 9*r - 7*r + 4. Let g be a(-4). What is the greatest common divisor of g and f?
13
Suppose -12*z = -17*z + 1080. Let c = 141 - 78. Let m = c + -39. What is the highest common factor of m and z?
24
Let p(a) = 2*a**3 - 2*a**2 - 6*a. Let u = -16 + 23. Let v be p(u). Suppose 5*n = -n + v. Calculate the highest common factor of n and 13.
13
Suppose 12*k - 45 = 7*k. Suppose -k*t = 6 - 114. Calculate the highest common factor of t and 36.
12
Let r be ((-1)/2)/((42/48)/(-7)). Let i be (-7)/(100/(-24) + r). What is the highest common factor of i and 105?
21
Let y be 28/4 + (-4)/2. Suppose 24*s = 26*s - 2. Calculate the greatest common factor of y and s.
1
Let u = 5 + -1. Suppose u*c - 42 = 278. Let v be (-18 + 6)*(-1 + (-4)/6). What is the highest common divisor of c and v?
20
Suppose -8*z = -728 - 88. Suppose -6*v = -24 - z. Calculate the greatest common divisor of 42 and v.
21
Let q be (6/4)/((-7)/392*-7). Suppose -3*d - d + 43 = -c, -5*c + 49 = 2*d. What is the highest common divisor of d and q?
12
Let a = 307 + -227. Calculate the highest common factor of a and 32.
16
Let c = 81 - 12. Let u be -3 + 12/3 + c. What is the highest common divisor of 105 and u?
35
Suppose 3*v - 439 = 2*a - 6*a, 3*a = -2*v + 330. Calculate the highest common factor of 28 and a.
28
Let d = 6 + -15. Let j be (-3*(-130)/(-45))/(2/d). Calculate the greatest common factor of j and 13.
13
Let w = -625 - -657. Calculate the highest common factor of 112 and w.
16
Let q = 15 + -5. Suppose 0 = 16*d - 12*d + 3*t - 335, 5*t = 2*d - 135. Calculate the greatest common factor of d and q.
10
Let a(z) be the third derivative of z**6/120 + 7*z**5/60 + z**4/8 + 5*z**3/3 + 11*z**2. Let r be a(-6). Calculate the highest common divisor of r and 14.
14
Suppose -3*r + 4*o - 10 = 0, 4 = 3*r - 5*r + 2*o. Suppose -8*j + 72 = -r*j. Let p be j/3 + -2 - 0. What is the greatest common factor of p and 8?
2
Suppose 0 = -9*t - 68*t + 29106. Let o = 131 + -89. Calculate the highest common divisor of t and o.
42
Let t = 416 - 86. What is the greatest common divisor of t and 10?
10
Let a(p) = -p**3 + 10*p**2 - 3*p - 4. Let v be a(8). Suppose 0 = t + t - v. Let c be (15/(-12))/((-1)/16). Calculate the greatest common divisor of c and t.
10
Let a = 21 + 42. Calculate the greatest common divisor of a and 126.
63
Suppose 22 = 3*r - 14. Let k(p) = -p**3 - 13*p**2 - p + 17. Let o be k(-13). What is the highest common divisor of r and o?
6
Let d(j) = -j + 2. Let l be d(4). Let o be 0/l*1 + 6. Let y be 104/o - 56/42. Calculate the highest common divisor of 128 and y.
16
Let g(a) = -a**3 + 9*a**2 - a + 13. Let s be g(8). What is the highest common divisor of s and 92?
23
Suppose 0*r - 8*r + 1056 = 0. Suppose r = 2*j - 2*m, -2*j - 3*j + 348 = 4*m. What is the highest common factor of 17 and j?
17
Suppose 11*n = -2*n + 2964. Calculate the greatest common factor of n and 19.
19
Let s(i) = -8*i**3 - 5*i**2 + 2. Let c be s(-2). What is the greatest common factor of c and 322?
46
Suppose -141 + 273 = 4*q - 5*w, -w + 136 = 5*q. What is the highest common factor of 2828 and q?
28
Let d(t) = -t**3 + 13*t**2 + 16*t - 25. Let x be d(14). Suppose x*k - 137 = 10. Calculate the highest common divisor of 7 and k.
7
Suppose 5*p + 540 = 20*p. Let n = 94 - 49. Suppose 15 = 5*g - n. Calculate the highest common divisor of p and g.
12
Let g(b) = 3*b**2 + 13*b + 9. Let y(k) = -2*k**2 - 12*k - 10. Let o(a) = -3*g(a) - 4*y(a). Let t be o(9). Calculate the highest common factor of 13 and t.
13
Let h be 66 - ((-25 - -8) + 9). What is the greatest common divisor of 592 and h?
74
Let w(b) = -3*b + 94. Let g be w(0). Suppose 0 = 4*z + 22 - g. Calculate the greatest common factor of 27 and z.
9
Suppose -2*f = 3*i - 31, 0 = -i + 2*i - f - 7. Let c be 6*(21/i + 1). Calculate the highest common factor of c and 50.
10
Suppose -w = -2*l + 4, l = 5*w + 2*l + 31. Let c(s) = -6*s - 6. Let q be c(w). Let g be (-10)/((3 - 1)/(-18)). Calculate the highest common divisor of g and q.
30
Let g(f) = f**3 - 2*f**2 + 4*f - 8. Let s be g(6). Suppose -18*q + 23*q = s. Suppose -q - 17 = -7*o. What is the greatest common divisor of 28 and o?
7
Let w(l) = -l**2 - 4*l - 4. Let a be w(-3). Let c = 20 + a. Suppose 351*d - 264*d - 13224 = 0. What is the greatest common divisor of d and c?
19
Let v be 6/33 + 128/22. Let x = 30 - 18. Calculate the highest common divisor of v and x.
6
Suppose -6*l + 5*l = -12. Let i be (-80)/(-7) + l/21. What is the highest common factor of 2 and i?
2
Suppose -3*l = 2*w - l - 22, -5*w - 3*l + 55 = 0. Suppose -3*j + 1 + w = 0. Let u be 372/12 - 3/1. What is the highest common divisor of u and j?
4
Let c(m) = -6 + 14*m - 17*m + 28*m. Let j be c(4). What is the highest common factor of j and 235?
47
Suppose 0 = 5*j + 3*o - 5, j + 2*o = -6. Let v be j/(-10) + 8/(-5). Let f be v*180/(-8) + -1. Calculate the greatest common factor of f and 11.
11
Let f(q) = 1 - 3*q + 3*q - 5*q. Let l be f(-4). Let p be 4/(-18) - 1146/(-54). What is the highest common factor of p and l?
21
Suppose -3*a + 10 + 11 = 0. Calculate the greatest common factor of 133 and a.
7
Let m(i) = -i**2 + 24*i. Let t be m(24). Suppose t = -p + 3*y + 27, -p + y - 4*y = -3. Calculate the greatest common divisor of p and 10.
5
Let j = 192 + -171. Calculate the highest common factor of 903 and j.
21
Let h = 307 + -242. Suppose 2*i = -0*i + 26. Calculate the greatest common divisor of h and i.
13
Suppose y - 4*f - 258 = 0, 4*f + 524 = -y + 3*y. What is the highest common factor of 152 and y?
38
Let b(x) = 36*x - 2. Let g be b(2). Suppose 5*z - 35 - g = 0. What is the greatest common divisor of z and 105?
21
Let c be (-4)/(-3) + 122/(-6). Let t = c + 17. Let v(p) = -2*p**3 + 4*p**2 + 2*p - 1. Let g be v(t). Calculate the highest common divisor of g and 18.
9
Let f(j) = -j**3 - 10*j**2 + 8*j - 29. Let z be f(-11). Suppose z*r - 11 = w + 6, -5*w = -5*r + 10. Calculate the highest common divisor of 20 and r.
5
Suppose 160 = -r + 5*r. Suppose -3*a - p = -57, 5*a + 4*p = -0*p + 88. What is the greatest common factor of a and r?
20
Let p be (-2 + 2/2)/((-23)/115). Calculate the greatest common divisor of 15 and p.
5
Suppose -2*x = p + 5, 0 = -5*p - 2*x + 1 + 6. Let b be (-21)/14*(-56)/p. Calculate the highest common factor of b and 70.
14
Let b = -676 + 1270. Calculate the highest common divisor of 66 and b.
66
Let o be (56/(-24) - -2) + (-588)/(-9). What is the highest common factor of 260 and o?
65
Suppose 0*k - 3*k = 12. Let s be (-47)/((-13)/3 - k). Let q = s + -21. What is the highest common factor of 48 and q?
24
Let a(x) = 60*x**2 + 9*x - 16. Let r be a(3). Let c = r - 391. Calculate the greatest common factor of c and 20.
20
Suppose -4*g - 35 = 5*x, x = 3*x + 6. Let r(y) = 2*y + 12. Let k be r(g). What is the highest common divisor of k and 22?
2
Let l = 8 - 14. Let d be (l/9)/((-397)/198 - -2). What is the greatest common divisor of d and 12?
12
Let n = 77 + -74. Suppose -5*m + y + 135 = 0, 13 = m - n*y - 0*y. Calculate the highest common divisor of m and 84.
28
Let v be (0 - -7) + 218 - 9. What is the highest common divisor of v and 189?
27
Let l(r) = 2*r - 2 - 6 - 4*r - 5. Let b = -21 - -8. Let u be l(b). What is the greatest common factor of u and 26?
13
Let w(b) = -74*b - 9. Let u be w(-1). What is the greatest common factor of u and 15?
5
Let c(d) = d - 11. Let v = 32 - 18. Let r be c(v). What is the greatest common factor of r and 6?
3
Let v = -109 + 77. Let o = v + 77. Suppose -6 - 84 = -5*d - 3*r, 3*d - 5*r - 54 = 0. What is the highest common factor of o and d?
9
Let g be (-18)/(-5)*15/6. Let a = -3 + g. Suppose 70 = a*j - j. What is the greatest common factor of j and 14?
14
Suppose 18*w = 13*w + 15. Suppose 21*r = w*r + 2304. What is the greatest common divisor of 32 and r?
32
Let b be 6 + (-204)/(-33) + 2/(-11). Calculate the greatest common divisor of b and 30.
6
Suppose -41*t + 33*t + 560 = 0. Calculate the highest common factor of 266 and t.
14
Suppose -3*g + 123 - 51 = 0. Suppose 0 = 4*j + 1